{"id":748,"date":"2025-11-11T14:21:00","date_gmt":"2025-11-11T14:21:00","guid":{"rendered":"https:\/\/projetos.effectecommerce.com.br\/?post_type=product&#038;p=748"},"modified":"2026-03-25T23:34:28","modified_gmt":"2026-03-25T23:34:28","slug":"escova-regua","status":"publish","type":"product","link":"https:\/\/escovasantaclara.com.br\/site\/produto\/escova-regua\/","title":{"rendered":"Escova R\u00e9gua"},"content":{"rendered":"","protected":false},"excerpt":{"rendered":"<h2><span style=\"font-size: 20px;\"><b>Escova R\u00e9gua \u2013 Precis\u00e3o e Efici\u00eancia na Limpeza e Ind\u00fastria<\/b><\/span><\/h2>\n<h4><span style=\"font-size: 18px;\">As Escovas R\u00e9gua s\u00e3o desenvolvidas sob medida para atender diversas aplica\u00e7\u00f5es industriais e de limpeza. Produzidas com diferentes tipos de cerdas e materiais de base, garantem alto desempenho e durabilidade.<\/span><\/h4>\n<h4><span style=\"font-size: 18px;\"><b>Principais Aplica\u00e7\u00f5es:<\/b><\/span><\/h4>\n<h4><span style=\"font-size: 18px;\"><b>\u2013 Ind\u00fastria Aliment\u00edcia<\/b>\u00a0\u2013 Transportadores e higieniza\u00e7\u00e3o de produtos.<\/span><\/h4>\n<h4><span style=\"font-size: 18px;\"><b>\u2013 Limpeza Profissional\u00a0<\/b>\u2013 Varri\u00e7\u00e3o e remo\u00e7\u00e3o de res\u00edduos.<\/span><\/h4>\n<h4><span style=\"font-size: 18px;\"><b>\u2013 Processos Industriais<\/b>\u00a0\u2013 Acabamento e controle de part\u00edculas.<\/span><\/h4>\n<h4><span style=\"font-size: 18px;\"><b>\u2013 Constru\u00e7\u00e3o Civil<\/b>\u00a0\u2013 Aplica\u00e7\u00e3o em m\u00e1quinas e equipamentos.<\/span><\/h4>\n","protected":false},"featured_media":778,"comment_status":"open","ping_status":"closed","template":"","meta":[],"product_brand":[],"product_cat":[21,26,32,53],"product_tag":[],"class_list":{"0":"post-748","1":"product","2":"type-product","3":"status-publish","4":"has-post-thumbnail","6":"product_cat-escova-santa-clara","7":"product_cat-escovas","8":"product_cat-escovas-especiais","9":"product_cat-produtos","11":"first","12":"outofstock","13":"shipping-taxable","14":"purchasable","15":"product-type-simple"},"_links":{"self":[{"href":"https:\/\/escovasantaclara.com.br\/site\/wp-json\/wp\/v2\/product\/748","targetHints":{"allow":["GET"]}}],"collection":[{"href":"https:\/\/escovasantaclara.com.br\/site\/wp-json\/wp\/v2\/product"}],"about":[{"href":"https:\/\/escovasantaclara.com.br\/site\/wp-json\/wp\/v2\/types\/product"}],"replies":[{"embeddable":true,"href":"https:\/\/escovasantaclara.com.br\/site\/wp-json\/wp\/v2\/comments?post=748"}],"wp:featuredmedia":[{"embeddable":true,"href":"https:\/\/escovasantaclara.com.br\/site\/wp-json\/wp\/v2\/media\/778"}],"wp:attachment":[{"href":"https:\/\/escovasantaclara.com.br\/site\/wp-json\/wp\/v2\/media?parent=748"}],"wp:term":[{"taxonomy":"product_brand","embeddable":true,"href":"https:\/\/escovasantaclara.com.br\/site\/wp-json\/wp\/v2\/product_brand?post=748"},{"taxonomy":"product_cat","embeddable":true,"href":"https:\/\/escovasantaclara.com.br\/site\/wp-json\/wp\/v2\/product_cat?post=748"},{"taxonomy":"product_tag","embeddable":true,"href":"https:\/\/escovasantaclara.com.br\/site\/wp-json\/wp\/v2\/product_tag?post=748"}],"curies":[{"name":"wp","href":"https:\/\/api.w.org\/{rel}","templated":true}]}}