{"id":937,"date":"2025-11-11T14:21:40","date_gmt":"2025-11-11T14:21:40","guid":{"rendered":"https:\/\/projetos.effectecommerce.com.br\/?post_type=product&#038;p=937"},"modified":"2026-03-25T23:02:47","modified_gmt":"2026-03-25T23:02:47","slug":"flange-karcher-universal-compativel-com-todos-os-modelos","status":"publish","type":"product","link":"https:\/\/escovasantaclara.com.br\/site\/produto\/flange-karcher-universal-compativel-com-todos-os-modelos\/","title":{"rendered":"Flange Karcher Universal Compat\u00edvel com Todos os Modelos"},"content":{"rendered":"","protected":false},"excerpt":{"rendered":"<h4 data-end=\"423\" data-start=\"137\">O Flange Karcher Universal \u00e9 projetado para encaixe perfeito em todas as lavadoras da marca Karcher, proporcionando m\u00e1xima efici\u00eancia na fixa\u00e7\u00e3o de escovas e discos. Fabricado com materiais resistentes, garante durabilidade e alto desempenho em opera\u00e7\u00f5es profissionais de limpeza.<\/h4>\n<h4 data-end=\"450\" data-start=\"425\"><b>Especifica\u00e7\u00f5es:<\/b><\/h4>\n<h4 data-end=\"550\" data-start=\"451\"><b>Marca:<\/b>\u00a0Karcher<\/h4>\n<h4 data-end=\"550\" data-start=\"451\"><b>Modelos Compat\u00edveis:<\/b>\u00a0Todos os modelos da Karcher<\/h4>\n<h4 data-end=\"550\" data-start=\"451\"><b>Furo:\u00a0<\/b>160mm<\/h4>\n","protected":false},"featured_media":970,"comment_status":"open","ping_status":"closed","template":"","meta":[],"product_brand":[],"product_cat":[21,45,53],"product_tag":[],"class_list":{"0":"post-937","1":"product","2":"type-product","3":"status-publish","4":"has-post-thumbnail","6":"product_cat-escova-santa-clara","7":"product_cat-flanges","8":"product_cat-produtos","10":"first","11":"outofstock","12":"shipping-taxable","13":"purchasable","14":"product-type-simple"},"_links":{"self":[{"href":"https:\/\/escovasantaclara.com.br\/site\/wp-json\/wp\/v2\/product\/937","targetHints":{"allow":["GET"]}}],"collection":[{"href":"https:\/\/escovasantaclara.com.br\/site\/wp-json\/wp\/v2\/product"}],"about":[{"href":"https:\/\/escovasantaclara.com.br\/site\/wp-json\/wp\/v2\/types\/product"}],"replies":[{"embeddable":true,"href":"https:\/\/escovasantaclara.com.br\/site\/wp-json\/wp\/v2\/comments?post=937"}],"wp:featuredmedia":[{"embeddable":true,"href":"https:\/\/escovasantaclara.com.br\/site\/wp-json\/wp\/v2\/media\/970"}],"wp:attachment":[{"href":"https:\/\/escovasantaclara.com.br\/site\/wp-json\/wp\/v2\/media?parent=937"}],"wp:term":[{"taxonomy":"product_brand","embeddable":true,"href":"https:\/\/escovasantaclara.com.br\/site\/wp-json\/wp\/v2\/product_brand?post=937"},{"taxonomy":"product_cat","embeddable":true,"href":"https:\/\/escovasantaclara.com.br\/site\/wp-json\/wp\/v2\/product_cat?post=937"},{"taxonomy":"product_tag","embeddable":true,"href":"https:\/\/escovasantaclara.com.br\/site\/wp-json\/wp\/v2\/product_tag?post=937"}],"curies":[{"name":"wp","href":"https:\/\/api.w.org\/{rel}","templated":true}]}}