{"id":981,"date":"2025-11-11T14:21:53","date_gmt":"2025-11-11T14:21:53","guid":{"rendered":"https:\/\/projetos.effectecommerce.com.br\/?post_type=product&#038;p=981"},"modified":"2026-03-25T22:58:19","modified_gmt":"2026-03-25T22:58:19","slug":"flange-certec-lm-para-enceradeiras","status":"publish","type":"product","link":"https:\/\/escovasantaclara.com.br\/site\/produto\/flange-certec-lm-para-enceradeiras\/","title":{"rendered":"Flange Certec LM para Enceradeiras"},"content":{"rendered":"","protected":false},"excerpt":{"rendered":"<h4 data-end=\"293\" data-start=\"126\">O Flange Certec LM garante fixa\u00e7\u00e3o precisa e durabilidade para escovas e discos, sendo compat\u00edvel com diversos modelos de enceradeiras profissionais.<\/h4>\n<h4 data-end=\"321\" data-start=\"295\"><b>Caracter\u00edsticas:<\/b><\/h4>\n<h4 data-end=\"495\" data-start=\"322\"><b>Marcas Compat\u00edveis:<\/b><\/h4>\n<h4 data-end=\"495\" data-start=\"322\"><b>Certec:\u00a0<\/b>270mm a 510mm<\/h4>\n<h4 data-end=\"495\" data-start=\"322\"><b>Eiras LM:\u00a0<\/b>270mm a 320mm<\/h4>\n<h4 data-end=\"495\" data-start=\"322\"><b>Green Line:\u00a0<\/b>300mm a 510mm<\/h4>\n<h4 data-end=\"495\" data-start=\"322\"><b>Lemarte:\u00a0<\/b>270mm a 510mm<\/h4>\n<h4 data-end=\"495\" data-start=\"322\"><b>Mebal:\u00a0<\/b>300mm a 510mm<\/h4>\n<h4 data-end=\"610\" data-start=\"497\"><b>Furo:<\/b>\u00a0125mm<\/h4>\n<h4 data-end=\"610\" data-start=\"497\"><b>Fixa\u00e7\u00e3o Segura<\/b>\u00a0para m\u00e1xima efici\u00eancia<\/h4>\n<h4 data-end=\"610\" data-start=\"497\"><b>Alta Durabilidade<\/b>\u00a0para uso profissional<\/h4>\n","protected":false},"featured_media":1010,"comment_status":"open","ping_status":"closed","template":"","meta":[],"product_brand":[],"product_cat":[21,45,53],"product_tag":[],"class_list":{"0":"post-981","1":"product","2":"type-product","3":"status-publish","4":"has-post-thumbnail","6":"product_cat-escova-santa-clara","7":"product_cat-flanges","8":"product_cat-produtos","10":"first","11":"outofstock","12":"shipping-taxable","13":"purchasable","14":"product-type-simple"},"_links":{"self":[{"href":"https:\/\/escovasantaclara.com.br\/site\/wp-json\/wp\/v2\/product\/981","targetHints":{"allow":["GET"]}}],"collection":[{"href":"https:\/\/escovasantaclara.com.br\/site\/wp-json\/wp\/v2\/product"}],"about":[{"href":"https:\/\/escovasantaclara.com.br\/site\/wp-json\/wp\/v2\/types\/product"}],"replies":[{"embeddable":true,"href":"https:\/\/escovasantaclara.com.br\/site\/wp-json\/wp\/v2\/comments?post=981"}],"wp:featuredmedia":[{"embeddable":true,"href":"https:\/\/escovasantaclara.com.br\/site\/wp-json\/wp\/v2\/media\/1010"}],"wp:attachment":[{"href":"https:\/\/escovasantaclara.com.br\/site\/wp-json\/wp\/v2\/media?parent=981"}],"wp:term":[{"taxonomy":"product_brand","embeddable":true,"href":"https:\/\/escovasantaclara.com.br\/site\/wp-json\/wp\/v2\/product_brand?post=981"},{"taxonomy":"product_cat","embeddable":true,"href":"https:\/\/escovasantaclara.com.br\/site\/wp-json\/wp\/v2\/product_cat?post=981"},{"taxonomy":"product_tag","embeddable":true,"href":"https:\/\/escovasantaclara.com.br\/site\/wp-json\/wp\/v2\/product_tag?post=981"}],"curies":[{"name":"wp","href":"https:\/\/api.w.org\/{rel}","templated":true}]}}